 6. Let m(r) = -3*r**2 + 3*r. What is m(g)?
-6
Suppose -2*q - 5*u = 26, q = 5*q + 4*u + 28. Let b(k) = -7*k. Let y(z) = z - 1. Let o(c) = b(c) + 4*y(c). What is o(q)?
5
Let x(y) = -y - 1. Let c be x(-5). Let k(q) = -c*q**2 + 5*q**2 - 5*q + 8 - 7. Calculate k(4).
-3
Let f(r) = 2*r**2 + 2*r + 2. Suppose -26*w - 10 = -21*w. Determine f(w).
6
Let a(m) = m + 10. Let g be a(-9). Let t(c) = 8*c**2 + 7*c + 5. Let u = -12 - -18. Let b(h) = -17*h**2 - 15*h - 11. Let p(w) = u*b(w) + 13*t(w). What is p(g)?
2
Let x(d) be the first derivative of d**4/4 + 7*d**3/3 + 9*d**2/2 + 3*d + 10. What is x(-6)?
-15
Let d(h) = -h**3 - 5*h**2 + 5*h + 3. Let u(q) = -q - 20. Let o be u(-14). Give d(o).
9
Let n(v) be the first derivative of -2 - v - 1/3*v**3 + 0*v**2. Calculate n(3).
-10
Let k(r) = r + 10. Let t = -7 + 1. Let z be k(t). Let f(j) = -1 + 5*j - 1 + j**2 - 2*j**2. Give f(z).
2
Let m(q) = q**2 - q - 3. Suppose 2*r - 2 = t, -2*r - 2 = -3*t - 4*r. Calculate m(t).
-3
Let f be (1/(-2))/(-3 - 69/(-24)). Let v(o) = 3 + 4*o + o - o**2 - o. Give v(f).
3
Let u(i) be the first derivative of -i**3/3 + 7*i**2/2 - 3. Let n(x) = -3*x**2 + 15*x - 1. Let k(p) = 3*n(p) - 7*u(p). Give k(-3).
-9
Let x(g) = 4*g**2 - 6*g + 6*g**2 + 2*g**2 + 3 - 13*g**2. Let u = 6 + 6. Suppose -u = c + c. Determine x(c).
3
Let y be 15*(0 + (-4)/(-10)). Let r(x) = 7*x**3 - 6*x**2 + 4*x - 1. Let f(i) = 8*i**3 - 6*i**2 + 4*i - 2. Let b(g) = y*f(g) - 7*r(g). Calculate b(5).
0
Let l(x) be the second derivative of x**5/20 + x**4/4 - x**3/2 + 2*x**2 + 2*x. Let a = -13 + 21. Suppose -3*f + 3*i - 24 = -0*i, 0 = -f - 3*i + a. Give l(f).
0
Let p(w) = 1 + 8*w - 3*w - 3*w - 4 - w**3. Let i(k) = k**3 - k**2 - k + 1. Let l(d) = 2*i(d) + p(d). Let n(f) = f**2 + 4*f + 3. Let r be n(-4). Give l(r).
8
Suppose -3*d = -3*p + 10 + 2, -3*d = 4*p - 16. Suppose 7*b + 4*v = p*b - 3, 2*b - 2*v = -16. Let g(f) = -f**3 - 4*f**2 + 7*f + 3. Determine g(b).
-7
Suppose -4*r = -4*t + 24, 6*r = -t + 2*r - 9. Let q(g) = g**3 - t + 0*g**2 - g + 0*g - 3*g**2. What is q(3)?
-6
Let d(k) be the second derivative of k**5/20 + 5*k**4/12 + k**3/2 - k**2 + 4*k. Let y(u) = -2*u - 3*u + u**3 - 6 + 2 - 4*u**2. Let c be y(5). Determine d(c).
2
Let h(d) = d**2 + 3*d - 3. Let s be h(-3). Let t(j) = 2*j + 3. Calculate t(s).
-3
Let m(d) = -d**3 - d**2 + 6. Suppose -4*g = g - 35. Let j = g - 5. Suppose -2*f = 2*f - s - 3, 0 = j*f - 5*s - 15. Give m(f).
6
Let k(n) = 3*n**2 + 5*n + 1. Let v(t) = -2*t**2 - 3*t. Let j(u) = -3*k(u) - 5*v(u). Let s be -1 + -2*1/(-2). Give j(s).
-3
Let v(t) = -4*t**2 - 301*t**3 - 5*t + 149*t**3 + 153*t**3. Calculate v(5).
0
Let n be -5*1*(-1)/1. Let v(t) = n - 1 - 2*t**2 + t**2 + 3*t. What is v(5)?
-6
Let n(p) = 3*p - 7. Suppose 0*x - 30 = -4*x + 2*g, -x + 15 = -2*g. Determine n(x).
8
Let s(y) = -y**2 - 3*y + 2. Let g = 5 - 0. Suppose -5 = g*k + 5. Determine s(k).
4
Let t be (-5)/2*12/(-15). Let d(v) be the third derivative of 1/6*v**4 + 0*v + 0 - 1/60*v**5 - 1/3*v**3 + v**t. Give d(3).
1
Let c(d) be the second derivative of 1/12*d**4 + 3/2*d**2 + 0 - d - 1/20*d**5 - 1/6*d**3. Let z(n) = -n**3 + 4*n**2 + 3*n - 12. Let t be z(4). Calculate c(t).
3
Suppose 0 = 14*z - 90 + 20. Let t(v) = 0 + 0 + v. Calculate t(z).
5
Suppose 4*d + 5*g - 22 = 0, 5*d - 13 = -3*g + 4*g. Suppose -m + 5 = 2*p, -d*m - 2 - 1 = -3*p. Let c(w) = w**3 - w**2 - 1. What is c(p)?
3
Let q(a) = -3*a**2 - 3*a - 6. Let w(t) = -t**2 + t - 1. Let d be w(0). Let o(r) = -r**2 - r - 1. Let z(n) = d*q(n) + 4*o(n). Calculate z(0).
2
Let q = 3 - 5. Let n(k) be the first derivative of 7 + 1/2*k**4 + 2/3*k**3 + 0*k**2 + k. Give n(q).
-7
Let l = 7 - 4. Suppose 17 + l = 4*o. Let f(z) = -z + 6. Give f(o).
1
Let n(h) = -2*h - 2*h**2 + 0*h**2 - 1 + 1 + 1. Let l(r) = r**3 - 3*r**2 + 2*r - 1. Let f be l(3). Suppose -v + 5 = f*g, v - 4 = -4*g - 0*v. Determine n(g).
-3
Suppose 4*m - 9*m = -10. Let q(j) = -5*j + 2*j + j + 5*j**m - 5 + j**3. Give q(-5).
5
Let k(m) = -12*m**2 - 4. Let d(j) = j**2 + 1. Let g(l) = -5*d(l) - k(l). Calculate g(-1).
6
Let w be (-2)/(-8) + (-9)/4. Let q(m) be the first derivative of m**3/3 + m**2/2 + m - 5. Give q(w).
3
Let m(w) be the first derivative of -1/180*w**6 + 0*w - 1/24*w**4 + 1/60*w**5 + 0*w**2 + 2 - 2/3*w**3. Let i(t) be the third derivative of m(t). Determine i(2).
-5
Let z(m) = 4*m - 8. Let b be 28*((-1)/(-4) - 0). Calculate z(b).
20
Suppose -5*o - 5*f + 20 = 0, -5*o - 3*f = -6*o - 16. Let v(y) be the second derivative of y**3/3 + y. Determine v(o).
-2
Let c(a) be the second derivative of a**5/30 - a**3/6 + 5*a**2/2 + 6*a. Let q(k) be the first derivative of c(k). Calculate q(2).
7
Suppose -24 = -9*g + 3*g. Let d(x) be the third derivative of 0 + 2/3*x**3 + 0*x + 1/60*x**5 - 5/24*x**g + x**2. What is d(3)?
-2
Let g(z) = 2*z**2 - 1 - 7*z + 1 + 2 + 0*z. Calculate g(5).
17
Suppose 0 = -5*r - 74 + 84. Let a(x) = -x - 2*x + x. Determine a(r).
-4
Suppose -4*l + 0*l = 0. Let g(z) = z**3 - z**2 + 1. Let f be g(l). Let q(i) = -2*i**2 - 1. What is q(f)?
-3
Let h(j) be the second derivative of -j**3/6 - 3*j**2 - 24*j. What is h(0)?
-6
Let f(v) = v**2 + 15. Let d be f(0). Suppose q = -4*q + d. Let p(t) = -2*t**2 - 1. Let b(i) = -2*i**2 - i - 1. Let z(c) = q*b(c) - 2*p(c). Calculate z(-2).
-3
Let m(h) = h + 4. Let p(o) = o**2 - o - 17. Let f be p(-4). What is m(f)?
7
Let r(l) = l**3 - 4*l**2 - 5*l + 6. Let t = 11 - 6. Determine r(t).
6
Let y(i) = 9*i**3. Let a be (-6)/(-2) + (6 - 8). Calculate y(a).
9
Suppose 5*j + 1 = 2*a - 3, -4*j = -a + 2. Suppose -5*o - 7 = -4*x, 5 = -5*x + 3*o + 17. Suppose a = x*l - 1. Let g(w) = -3*w**2 - w. Give g(l).
-4
Let o(r) be the third derivative of -1/120*r**6 + 0 + r**2 + 0*r - 1/6*r**3 - 1/12*r**4 - 1/15*r**5. What is o(-3)?
-4
Let p(b) = 2*b. Let t(u) = -u**2 + 5*u. Suppose -5 = i - 2*f, 2*i + 5*f = 3*f + 20. Let c be t(i). Suppose -z - z + 2 = c. Determine p(z).
2
Let w(q) = q**2 - 6*q + 2. Let h = 3 - -3. Calculate w(h).
2
Suppose -3*v - 4*s - 3 = -s, -v + 3*s = -15. Let t(y) = -y**2 + 4*y. Determine t(v).
3
Let f = 21 - 18. Let a be 12/f + 2 + -3. Let x(t) = -t**3 + 2*t**2 + 3*t - 3. Give x(a).
-3
Let l(f) = 3*f**2 - 21*f + 4. Let x be l(7). Let g(a) = a**2 - 3*a - 5. Determine g(x).
-1
Let g(t) be the second derivative of -t**7/840 - t**6/360 + t**5/120 - t**4/4 - 2*t. Let c(w) be the third derivative of g(w). Determine c(-2).
-7
Let l(w) = 3*w - 1. Let f be l(-2). Let b = f - -9. Let h(q) = 2*q**3 - q**2 - 2*q - 1. Calculate h(b).
7
Let n(z) = -15 + 3*z + z**2 + 9 + 9. Give n(-2).
1
Let t(a) = -2*a + 3. Suppose 4*r + 0 = -4*y - 4, 3*y + 13 = -r. Let x = -3 - y. What is t(x)?
-3
Let b(z) = 4*z**2 - z - 1. Let t(y) be the first derivative of 0*y**2 + 0*y - 1/3*y**3 + 4. Let s(w) = -b(w) + t(w). Determine s(-1).
-5
Let p be (-23)/(-3) + 1/3. Let l = -6 + p. Let t(z) = -l*z - 4*z + 2*z + 3 + 2*z**2 + 0*z**2. What is t(3)?
9
Let o = -4 - -2. Suppose 2*u = 4*n - 2*n + 4, 4*u - 8 = -3*n. Let t(s) = 3*s**2 + 16*s - 1. Let y(f) = f**2 + 4*f. Let q(x) = u*t(x) - 9*y(x). Determine q(o).
-6
Let v(l) = l**2 - 5*l + 1. Let x = -29 - -31. Give v(x).
-5
Let f(n) = n**3 + 5*n**2 + 4*n + 3. Let l be f(-4). Let w = 4 - l. Let d(z) = 0*z**2 + 4 - w + 2*z - z**2. What is d(-2)?
-5
Let d(i) = 3*i**2 + 3*i**3 - 2*i**2 - 6*i**2 + 3*i + 4 - 2*i**3. Calculate d(4).
0
Let c(p) = 9*p + 3. Let i(g) = 10*g + 3. Let z(o) = -6*c(o) + 5*i(o). Determine z(3).
-15
Let n(z) be the second derivative of -z**3/3 - 7*z**2/2 + 23*z. Calculate n(-7).
7
Let w(s) = s**3 + 5*s**2 - 5*s + 6. Suppose 0 = -z - 3, -2*u - 4*z + 15 = 39. Calculate w(u).
0
Let g(t) = 2*t**2 + 8*t + 3. Let r = -3 - 2. Determine g(r).
13
Let w(z) be the first derivative of 1/3*z**3 + 2 - 3*z + 1/2*z**4 - 3/2*z**2. Determine w(-2).
-9
Suppose 0 = -4*w + 4*c + 40, 0*w + 5*c - 30 = -3*w. Suppose j = -5 + w. Let v(l) = -1. Let b(k) = 2*k - 11. Let f(m) = -b(m) + 5*v(m). What is f(j)?
-4
Let n be 3/(2*3/6). Let h(z) = 3*z**3 + 0*z**3 + 5*z**2 - 7*z**n + 7*z + 3*z**3. What is h(6)?
6
Suppose -5*k + k - 12 = -5*m, 4*m = -3*k + 22. Let i(d) = 3*d**2 - 2*d + 1. What is i(k)?
9
Suppose -3*l - 1 + 11 = -2*d, 3*l + 2*d = 14. Let h(b) be the first derivative of 1/2*b**2 + b**3 - 1/4*b**l + 2*b + 3. Give h(3).
5
Suppose 0 = -h - 0 + 4. Let u(z) be the third derivative of -z**4/12 + 5*z**3/6 - 7